{"id":142,"date":"2021-08-07T17:59:44","date_gmt":"2021-08-07T17:59:44","guid":{"rendered":"https:\/\/biurounico.pl\/?page_id=142"},"modified":"2021-08-07T19:04:29","modified_gmt":"2021-08-07T19:04:29","slug":"pozostale","status":"publish","type":"page","link":"https:\/\/www.biurounico.pl\/index.php\/pozostale\/","title":{"rendered":"Pozosta\u0142e"},"content":{"rendered":"<ul>\n<li>Przygotowywanie deklaracji do PFRON.<\/li>\n<li>Przygotowywanie wniosk\u00f3w o dofinansowanie do wynagrodze\u0144 pracownik\u00f3w niepe\u0142nosprawnych do PFRON.<\/li>\n<li>Kontrola poprzedniej ksi\u0119gowo\u015bci\/ wyprowadzanie zaleg\u0142o\u015bci.<\/li>\n<li>Pomoc w sk\u0142adaniu sprawozda\u0144 finansowych do KRS, KAS, MSiG.<\/li>\n<li>Przygotowywanie deklaracji PCC-3.<\/li>\n<li>Reprezentacja przed administracj\u0105 publiczn\u0105 w ramach udzielonego pe\u0142nomocnictwa.<\/li>\n<\/ul>\n","protected":false},"excerpt":{"rendered":"<p>Przygotowywanie deklaracji do PFRON. Przygotowywanie wniosk\u00f3w o dofinansowanie do wynagrodze\u0144 pracownik\u00f3w niepe\u0142nosprawnych do PFRON. Kontrola poprzedniej ksi\u0119gowo\u015bci\/ wyprowadzanie zaleg\u0142o\u015bci. Pomoc w sk\u0142adaniu sprawozda\u0144 finansowych do KRS, KAS, MSiG. Przygotowywanie deklaracji &#8230;<\/p>\n","protected":false},"author":1,"featured_media":0,"parent":0,"menu_order":0,"comment_status":"closed","ping_status":"closed","template":"","meta":{"footnotes":""},"class_list":["post-142","page","type-page","status-publish","hentry"],"_links":{"self":[{"href":"https:\/\/www.biurounico.pl\/index.php\/wp-json\/wp\/v2\/pages\/142","targetHints":{"allow":["GET"]}}],"collection":[{"href":"https:\/\/www.biurounico.pl\/index.php\/wp-json\/wp\/v2\/pages"}],"about":[{"href":"https:\/\/www.biurounico.pl\/index.php\/wp-json\/wp\/v2\/types\/page"}],"author":[{"embeddable":true,"href":"https:\/\/www.biurounico.pl\/index.php\/wp-json\/wp\/v2\/users\/1"}],"replies":[{"embeddable":true,"href":"https:\/\/www.biurounico.pl\/index.php\/wp-json\/wp\/v2\/comments?post=142"}],"version-history":[{"count":3,"href":"https:\/\/www.biurounico.pl\/index.php\/wp-json\/wp\/v2\/pages\/142\/revisions"}],"predecessor-version":[{"id":175,"href":"https:\/\/www.biurounico.pl\/index.php\/wp-json\/wp\/v2\/pages\/142\/revisions\/175"}],"wp:attachment":[{"href":"https:\/\/www.biurounico.pl\/index.php\/wp-json\/wp\/v2\/media?parent=142"}],"curies":[{"name":"wp","href":"https:\/\/api.w.org\/{rel}","templated":true}]}}