{"id":138,"date":"2021-08-07T17:58:36","date_gmt":"2021-08-07T17:58:36","guid":{"rendered":"https:\/\/biurounico.pl\/?page_id=138"},"modified":"2021-08-07T19:03:29","modified_gmt":"2021-08-07T19:03:29","slug":"place","status":"publish","type":"page","link":"https:\/\/www.biurounico.pl\/index.php\/place\/","title":{"rendered":"P\u0142ace"},"content":{"rendered":"<ul>\n<li>Przygotowywanie dokumentacji zwi\u0105zanej z zatrudnieniem: umowy o prac\u0119, umowy zlecenia i o dzie\u0142o, \u015bwiadectwa pracy itp.<\/li>\n<li>Obs\u0142uga pracownik\u00f3w ubezpieczonych w ZUS.<\/li>\n<li>Sporz\u0105dzanie za\u015bwiadcze\u0144 o wynagrodzeniu i zatrudnieniu dla pracownik\u00f3w.<\/li>\n<li>Sporz\u0105dzanie list p\u0142ac dla pracownik\u00f3w etatowych oraz rachunk\u00f3w do um\u00f3w zlecenia i o dzie\u0142o.<\/li>\n<li>Sporz\u0105dzanie miesi\u0119cznych deklaracji ZUS.<\/li>\n<li>Naliczanie miesi\u0119cznych zaliczek na podatek od wynagrodze\u0144 PIT-4 do US.<\/li>\n<li>Sporz\u0105dzanie zestawie\u0144 wyp\u0142aconych wynagrodze\u0144 i odprowadzonych sk\u0142adek ZUS.<\/li>\n<li>Przygotowanie rocznych deklaracji podatkowych dla pracownik\u00f3w: PIT 11, ZUS IMIR.<\/li>\n<\/ul>\n","protected":false},"excerpt":{"rendered":"<p>Przygotowywanie dokumentacji zwi\u0105zanej z zatrudnieniem: umowy o prac\u0119, umowy zlecenia i o dzie\u0142o, \u015bwiadectwa pracy itp. Obs\u0142uga pracownik\u00f3w ubezpieczonych w ZUS. Sporz\u0105dzanie za\u015bwiadcze\u0144 o wynagrodzeniu i zatrudnieniu dla pracownik\u00f3w. Sporz\u0105dzanie &#8230;<\/p>\n","protected":false},"author":1,"featured_media":0,"parent":0,"menu_order":0,"comment_status":"closed","ping_status":"closed","template":"","meta":{"footnotes":""},"class_list":["post-138","page","type-page","status-publish","hentry"],"_links":{"self":[{"href":"https:\/\/www.biurounico.pl\/index.php\/wp-json\/wp\/v2\/pages\/138","targetHints":{"allow":["GET"]}}],"collection":[{"href":"https:\/\/www.biurounico.pl\/index.php\/wp-json\/wp\/v2\/pages"}],"about":[{"href":"https:\/\/www.biurounico.pl\/index.php\/wp-json\/wp\/v2\/types\/page"}],"author":[{"embeddable":true,"href":"https:\/\/www.biurounico.pl\/index.php\/wp-json\/wp\/v2\/users\/1"}],"replies":[{"embeddable":true,"href":"https:\/\/www.biurounico.pl\/index.php\/wp-json\/wp\/v2\/comments?post=138"}],"version-history":[{"count":2,"href":"https:\/\/www.biurounico.pl\/index.php\/wp-json\/wp\/v2\/pages\/138\/revisions"}],"predecessor-version":[{"id":173,"href":"https:\/\/www.biurounico.pl\/index.php\/wp-json\/wp\/v2\/pages\/138\/revisions\/173"}],"wp:attachment":[{"href":"https:\/\/www.biurounico.pl\/index.php\/wp-json\/wp\/v2\/media?parent=138"}],"curies":[{"name":"wp","href":"https:\/\/api.w.org\/{rel}","templated":true}]}}